{"id":10,"date":"2015-03-16T15:51:36","date_gmt":"2015-03-16T15:51:36","guid":{"rendered":"https:\/\/twmh.hu\/?page_id=10"},"modified":"2019-11-13T13:12:50","modified_gmt":"2019-11-13T13:12:50","slug":"kezdolap","status":"publish","type":"page","link":"https:\/\/twmh.hu\/","title":{"rendered":"KEZD\u0150LAP"},"content":{"rendered":"<p><\/p>\n<p class=\"Standard\"><span style=\"font-size: 14px;\">C\u00e9lunk, hogy a teherkocsik \u00fczemk\u00e9szek legyenek min\u0151s\u00e9gi munk\u00e1val a h\u00e1tt\u00e9rben. Ezzel a f\u0151 partnereink sz\u00e1m\u00e1ra mindig biztos\u00edtott lehet a szolg\u00e1ltat\u00e1saik ell\u00e1t\u00e1s\u00e1hoz sz\u00fcks\u00e9ges \u00fczemk\u00e9pes j\u00e1rm\u0171 mennyis\u00e9g. C\u00e9g\u00fcnk egy rugalmas, kisz\u00e1m\u00edthat\u00f3, k\u00f6lts\u00e9ghat\u00e9kony \u00fctemez\u00e9st biztos\u00edt partnerei sz\u00e1m\u00e1ra<\/span><\/p>\n<p class=\"Standard\"><span style=\"font-size: 14px;\">Partnereinknek k\u00f6sz\u00f6nj\u00fck eddigi bizalm\u00e1t<\/span><\/p>\n<p class=\"Standard\"><span style=\"font-size: 14px;\">\u00c9rdekl\u0151d\u0151inket pedig szeretn\u00e9nk biztos\u00edtani arr\u00f3l, hogy c\u00e9g\u00fcnk mindent megtesz a hat\u00e9kony egy\u00fcttm\u0171k\u00f6d\u00e9s \u00e9s el\u00e9gedetts\u00e9g c\u00e9lj\u00e1nak megval\u00f3s\u00edt\u00e1sa \u00e9rdek\u00e9ben.<\/span><\/p>\n<p><\/p>\n<p><a href=\"https:\/\/twmh.hu\/wp-content\/uploads\/2019\/09\/terkep_int-e1569835020160.jpg\"><img loading=\"lazy\" decoding=\"async\" class=\"aligncenter wp-image-937 size-full\" src=\"https:\/\/twmh.hu\/wp-content\/uploads\/2019\/09\/terkep_int-e1569835020160.jpg\" alt=\"\" width=\"500\" height=\"500\"\/><\/a><\/p>","protected":false},"excerpt":{"rendered":"<p>C\u00e9lunk, hogy a teherkocsik \u00fczemk\u00e9szek legyenek min\u0151s\u00e9gi munk\u00e1val a h\u00e1tt\u00e9rben. Ezzel a f\u0151 partnereink sz\u00e1m\u00e1ra mindig biztos\u00edtott lehet a szolg\u00e1ltat\u00e1saik ell\u00e1t\u00e1s\u00e1hoz sz\u00fcks\u00e9ges \u00fczemk\u00e9pes j\u00e1rm\u0171 mennyis\u00e9g. C\u00e9g\u00fcnk egy rugalmas, kisz\u00e1m\u00edthat\u00f3, k\u00f6lts\u00e9ghat\u00e9kony \u00fctemez\u00e9st biztos\u00edt partnerei sz\u00e1m\u00e1ra Partnereinknek k\u00f6sz\u00f6nj\u00fck eddigi bizalm\u00e1t \u00c9rdekl\u0151d\u0151inket pedig szeretn\u00e9nk biztos\u00edtani arr\u00f3l, hogy c\u00e9g\u00fcnk mindent megtesz a hat\u00e9kony egy\u00fcttm\u0171k\u00f6d\u00e9s \u00e9s el\u00e9gedetts\u00e9g c\u00e9lj\u00e1nak megval\u00f3s\u00edt\u00e1sa \u00e9rdek\u00e9ben.<\/p>\n","protected":false},"author":1,"featured_media":0,"parent":0,"menu_order":0,"comment_status":"closed","ping_status":"open","template":"","meta":{"footnotes":""},"class_list":["post-10","page","type-page","status-publish","hentry"],"_links":{"self":[{"href":"https:\/\/twmh.hu\/index.php?rest_route=\/wp\/v2\/pages\/10","targetHints":{"allow":["GET"]}}],"collection":[{"href":"https:\/\/twmh.hu\/index.php?rest_route=\/wp\/v2\/pages"}],"about":[{"href":"https:\/\/twmh.hu\/index.php?rest_route=\/wp\/v2\/types\/page"}],"author":[{"embeddable":true,"href":"https:\/\/twmh.hu\/index.php?rest_route=\/wp\/v2\/users\/1"}],"replies":[{"embeddable":true,"href":"https:\/\/twmh.hu\/index.php?rest_route=%2Fwp%2Fv2%2Fcomments&post=10"}],"version-history":[{"count":15,"href":"https:\/\/twmh.hu\/index.php?rest_route=\/wp\/v2\/pages\/10\/revisions"}],"predecessor-version":[{"id":1440,"href":"https:\/\/twmh.hu\/index.php?rest_route=\/wp\/v2\/pages\/10\/revisions\/1440"}],"wp:attachment":[{"href":"https:\/\/twmh.hu\/index.php?rest_route=%2Fwp%2Fv2%2Fmedia&parent=10"}],"curies":[{"name":"wp","href":"https:\/\/api.w.org\/{rel}","templated":true}]}}