{"id":23,"date":"2015-03-16T16:30:42","date_gmt":"2015-03-16T16:30:42","guid":{"rendered":"https:\/\/twmh.hu\/?page_id=23"},"modified":"2015-06-03T11:23:39","modified_gmt":"2015-06-03T11:23:39","slug":"szolgaltatasaink","status":"publish","type":"page","link":"https:\/\/twmh.hu\/?page_id=23","title":{"rendered":"SZOLG\u00c1LTAT\u00c1SAINK"},"content":{"rendered":"<p>C\u00e9g\u00fcnk Magyarorsz\u00e1g ter\u00fclet\u00e9n v\u00e9gez k\u00fcl\u00f6nb\u00f6z\u0151 szolg\u00e1ltat\u00e1sokat vas\u00fati teherkocsik vizsg\u00e1lata, karbantart\u00e1sa \u00e9s jav\u00edt\u00e1sa ter\u00fclet\u00e9n partnerei k\u00e9r\u00e9s\u00e9re. Magyarorsz\u00e1gi rakt\u00e1runkb\u00f3l gyors alkatr\u00e9sz ut\u00e1np\u00f3tl\u00e1st biztos\u00edtunk \u00fcgyfeleinknek.<\/p>\n<ul>\n<li><a href=\"https:\/\/twmh.hu\/?page_id=105\" target=\"_blank\">Vas\u00fati kocsi \u00e1tvizsg\u00e1l\u00e1sa<\/a><\/li>\n<li><a href=\"https:\/\/twmh.hu\/?page_id=108\" target=\"_blank\">Vas\u00fati kocsik jav\u00edt\u00e1sa<\/a><\/li>\n<li><a href=\"https:\/\/twmh.hu\/?page_id=110\" target=\"_blank\">Vas\u00fati kocsi alkatr\u00e9szek<\/a><\/li>\n<li><a href=\"https:\/\/twmh.hu\/?page_id=112\" target=\"_blank\">Menedzsment<\/a><\/li>\n<\/ul>\n<p><\/p>","protected":false},"excerpt":{"rendered":"<p>C\u00e9g\u00fcnk Magyarorsz\u00e1g ter\u00fclet\u00e9n v\u00e9gez k\u00fcl\u00f6nb\u00f6z\u0151 szolg\u00e1ltat\u00e1sokat vas\u00fati teherkocsik vizsg\u00e1lata, karbantart\u00e1sa \u00e9s jav\u00edt\u00e1sa ter\u00fclet\u00e9n partnerei k\u00e9r\u00e9s\u00e9re. Magyarorsz\u00e1gi rakt\u00e1runkb\u00f3l gyors alkatr\u00e9sz ut\u00e1np\u00f3tl\u00e1st biztos\u00edtunk \u00fcgyfeleinknek.<\/p>\n","protected":false},"author":1,"featured_media":60,"parent":0,"menu_order":0,"comment_status":"closed","ping_status":"open","template":"","meta":{"footnotes":""},"class_list":["post-23","page","type-page","status-publish","has-post-thumbnail","hentry"],"_links":{"self":[{"href":"https:\/\/twmh.hu\/index.php?rest_route=\/wp\/v2\/pages\/23","targetHints":{"allow":["GET"]}}],"collection":[{"href":"https:\/\/twmh.hu\/index.php?rest_route=\/wp\/v2\/pages"}],"about":[{"href":"https:\/\/twmh.hu\/index.php?rest_route=\/wp\/v2\/types\/page"}],"author":[{"embeddable":true,"href":"https:\/\/twmh.hu\/index.php?rest_route=\/wp\/v2\/users\/1"}],"replies":[{"embeddable":true,"href":"https:\/\/twmh.hu\/index.php?rest_route=%2Fwp%2Fv2%2Fcomments&post=23"}],"version-history":[{"count":21,"href":"https:\/\/twmh.hu\/index.php?rest_route=\/wp\/v2\/pages\/23\/revisions"}],"predecessor-version":[{"id":735,"href":"https:\/\/twmh.hu\/index.php?rest_route=\/wp\/v2\/pages\/23\/revisions\/735"}],"wp:featuredmedia":[{"embeddable":true,"href":"https:\/\/twmh.hu\/index.php?rest_route=\/wp\/v2\/media\/60"}],"wp:attachment":[{"href":"https:\/\/twmh.hu\/index.php?rest_route=%2Fwp%2Fv2%2Fmedia&parent=23"}],"curies":[{"name":"wp","href":"https:\/\/api.w.org\/{rel}","templated":true}]}}